{"id":425,"date":"2015-04-07T20:04:38","date_gmt":"2015-04-07T17:04:38","guid":{"rendered":"http:\/\/harjunlaulu.fi\/?page_id=425"},"modified":"2024-03-24T13:04:37","modified_gmt":"2024-03-24T11:04:37","slug":"laulusta-voimaa","status":"publish","type":"page","link":"https:\/\/harjunlaulu.fi\/?page_id=425","title":{"rendered":"Laulusta voimaa 1"},"content":{"rendered":"<section id=\"builder-section-1445197931917\" class=\"builder-section builder-section-first builder-section-text builder-section-last builder-text-columns-2\">\n<div class=\"builder-section-content\">\n<div id=\"builder-section-1445197931917-column-1\" class=\"builder-text-column builder-text-column-1\">\n<figure class=\"builder-text-image\"><\/figure>\n<div class=\"builder-text-content\">\n<h3><a href=\"http:\/\/harjunlaulu.fi\/wp-content\/uploads\/2015\/04\/testi.jpg\"><img loading=\"lazy\" decoding=\"async\" class=\"wp-image-501 alignright\" src=\"http:\/\/harjunlaulu.fi\/wp-content\/uploads\/2015\/04\/testi-724x1024.jpg\" alt=\"testi\" width=\"328\" height=\"464\" \/><\/a>Tarina<\/h3>\n<p>Harjun Laulun Laulusta Voimaa-levyn alkuajatukset l\u00e4htev\u00e4t niist\u00e4 henkil\u00f6kohtaisista laulukokemuksista, joita olemme saaneet laulun vaikutuksista palvelutaloissa, sairaaloissa, perhejuhlissa jne. My\u00f6s kokemukset laulun vaikutuksesta omalle itselle kuoron harjoituksissa ja sen j\u00e4lkeen ovat olleet merkitt\u00e4vi\u00e4. Laulu virkist\u00e4\u00e4 ja antaa uusia voimia raskaankin ty\u00f6p\u00e4iv\u00e4n j\u00e4lkeen.<\/p>\n<p>Tiedotusv\u00e4lineet ja lehdist\u00f6 ovat viime vuosina kertoneet laulun voimaannuttavasta vaikutuksesta. Ryhdyimme seuraamaan lehtikirjoitteluja ja hakemaan tieteellisi\u00e4 tutkimustuloksia asiasta.<\/p>\n<p>Olemme l\u00f6yt\u00e4neet runsaasti tutkimustuloksia, joissa on selke\u00e4\u00e4 n\u00e4ytt\u00f6\u00e4 siit\u00e4, miten laulaminen vaikuttaa positiivisesti, tervehdytt\u00e4v\u00e4sti, muistia virkist\u00e4v\u00e4sti ja oppimista edist\u00e4v\u00e4sti. Laulaminen tuo iloa, liennytt\u00e4\u00e4 surua, palauttaa muistoja ja virkist\u00e4\u00e4. Laulu luo yhteisi\u00e4 kokemuksia. Yhteislaulutilaisuudet ovat olleet suosittuja kaikkialla.<\/p>\n<p>Levylle valittiin kuorolaisten ehdotusten perusteella 33 tuttua laulua; kansanlauluja, is\u00e4nmaallisia ja hengellisi\u00e4 lauluja sek\u00e4 muutamia vanhoja iskelmi\u00e4. Lauluperinne on kansallisomaisuutta, joka jatkuu perheiss\u00e4, kouluissa, kerhoissa, j\u00e4rjest\u00f6iss\u00e4 jne. Se s\u00e4ilyy ja kasvaa korkoa vain laulamalla.<\/p>\n<p>Valitsimme t\u00e4m\u00e4n levyn lauluille sopivat yhteislaulukorkeudet. Kuoron mukana laulaja saa tunnun, ett\u00e4 h\u00e4n laulaa mukana suuremmassa kuorossa. Kaikissa lauluissa on s\u00e4estys; piano, kitara tai harmonikka. Muutamassa laulussa on lis\u00e4ksi huilu.<\/p>\n<p>T\u00e4h\u00e4n levyyn kuuluu sanavihko, jossa sanat ovat isolla tekstill\u00e4. Toivotamme laulun iloa kanssamme kaikille t\u00e4m\u00e4n laulumateriaalin k\u00e4ytt\u00e4jille.<\/p>\n<h3>Tilaukset<\/h3>\n<\/div>\n<\/div>\n<div id=\"builder-section-1445197931917-column-2\" class=\"builder-text-column builder-text-column-2\">\n<div class=\"builder-text-content\">\n<p><a href=\"http:\/\/harjunlaulu.fi\/?page_id=655\"><span style=\"color: #ff0000;\">T\u00e4st\u00e4 voit tilata levyn tai paketteja.<\/span><\/a><\/p>\n<p>Jos haluat toisenlaisia paketteja tai lis\u00e4tietoa levyst\u00e4 ota yhteytt\u00e4 s-postitse: <a href=\"mailto:laulustavoimaa2@gmail.com\">laulustavoimaa2@gmail.com<\/a> tai puhelimitse: 046 549 7473.<\/p>\n<p>Hinnat:<\/p>\n<p>1 CD + 1 sanavihko = 20 \u20ac + postituskulut<br \/>\n1 CD + 5 sanavihkoa = 30 \u20ac + postituskulut<br \/>\n1 CD + 10 sanavihkoa = 40 \u20ac + postituskulut<br \/>\n1 CD + 20 sanavihkoa = 50 \u20ac + postituskulut<br \/>\nlis\u00e4sanavihkot 1,50 \u20ac\/kpl<\/p>\n<p>Yksitt\u00e4iset levyt mahtuvat tavalliseen kirjeeseen ja isommat tilaukset toimitetaan maksikirjeess\u00e4 tai postipaketti 16:ssa.<\/p>\n<h3>Kuuntele n\u00e4ytteet<\/h3>\n<div id=\"mp3jWrap_0\" class=\"mjp-s-wrapper s-graphic unsel-mjp \" style=\"font-size:18px;\"><span id=\"playpause_wrap_mp3j_0\" class=\"wrap_inline_mp3j\" style=\"font-weight:700;\"><span class=\"gfxbutton_mp3j play-mjp\" id=\"playpause_mp3j_0\" style=\"font-size:18px;\">&nbsp;&nbsp;&nbsp;&nbsp;&nbsp;<\/span>&nbsp;<span class=\"group_wrap\"><span class=\"bars_mp3j\"><span class=\"loadB_mp3j\" id=\"load_mp3j_0\"><\/span><span class=\"posbarB_mp3j\" id=\"posbar_mp3j_0\"><\/span><\/span><span class=\"T_mp3j\" id=\"T_mp3j_0\" style=\"font-size:18px;\">Satumaa<\/span><span class=\"indi_mp3j\" style=\"font-size:12.6px;\" id=\"statusMI_0\"><\/span><\/span><\/span><\/div><span class=\"s-nosolution\" id=\"mp3j_nosolution_0\" style=\"display:none;\"><\/span><script>\nMP3jPLAYLISTS.inline_0 = [\n\t{ name: \"Satumaa\", formats: [\"mp3\"], mp3: \"aHR0cDovL2hhcmp1bmxhdWx1LmZpL3dwLWNvbnRlbnQvbGV2eWRlbW8vU2F0dW1hYS5tcDM=\", counterpart:\"\", artist: \"\", image: \"\", imgurl: \"\" }\n];\n<\/script>\n\n<script>MP3jPLAYERS[0] = { list: MP3jPLAYLISTS.inline_0, tr:0, type:'single', lstate:'', loop:false, play_txt:'&nbsp;&nbsp;&nbsp;&nbsp;&nbsp;', pause_txt:'&nbsp;&nbsp;&nbsp;&nbsp;&nbsp;', pp_title:'', autoplay:false, download:false, vol:100, height:'' };<\/script>\n<div id=\"mp3jWrap_1\" class=\"mjp-s-wrapper s-graphic unsel-mjp \" style=\"font-size:18px;\"><span id=\"playpause_wrap_mp3j_1\" class=\"wrap_inline_mp3j\" style=\"font-weight:700;\"><span class=\"gfxbutton_mp3j play-mjp\" id=\"playpause_mp3j_1\" style=\"font-size:18px;\">&nbsp;&nbsp;&nbsp;&nbsp;&nbsp;<\/span>&nbsp;<span class=\"group_wrap\"><span class=\"bars_mp3j\"><span class=\"loadB_mp3j\" id=\"load_mp3j_1\"><\/span><span class=\"posbarB_mp3j\" id=\"posbar_mp3j_1\"><\/span><\/span><span class=\"T_mp3j\" id=\"T_mp3j_1\" style=\"font-size:18px;\">Nyt kev\u00e4t on<\/span><span class=\"indi_mp3j\" style=\"font-size:12.6px;\" id=\"statusMI_1\"><\/span><\/span><\/span><\/div><span class=\"s-nosolution\" id=\"mp3j_nosolution_1\" style=\"display:none;\"><\/span><script>\nMP3jPLAYLISTS.inline_1 = [\n\t{ name: \"Nyt kevat on\", formats: [\"mp3\"], mp3: \"aHR0cDovL2hhcmp1bmxhdWx1LmZpL3dwLWNvbnRlbnQvbGV2eWRlbW8vTnl0IGtldmF0IG9uLm1wMw==\", counterpart:\"\", artist: \"\", image: \"\", imgurl: \"\" }\n];\n<\/script>\n\n<script>MP3jPLAYERS[1] = { list: MP3jPLAYLISTS.inline_1, tr:0, type:'single', lstate:'', loop:false, play_txt:'&nbsp;&nbsp;&nbsp;&nbsp;&nbsp;', pause_txt:'&nbsp;&nbsp;&nbsp;&nbsp;&nbsp;', pp_title:'', autoplay:false, download:false, vol:100, height:'' };<\/script>\n<div id=\"mp3jWrap_2\" class=\"mjp-s-wrapper s-graphic unsel-mjp \" style=\"font-size:18px;\"><span id=\"playpause_wrap_mp3j_2\" class=\"wrap_inline_mp3j\" style=\"font-weight:700;\"><span class=\"gfxbutton_mp3j play-mjp\" id=\"playpause_mp3j_2\" style=\"font-size:18px;\">&nbsp;&nbsp;&nbsp;&nbsp;&nbsp;<\/span>&nbsp;<span class=\"group_wrap\"><span class=\"bars_mp3j\"><span class=\"loadB_mp3j\" id=\"load_mp3j_2\"><\/span><span class=\"posbarB_mp3j\" id=\"posbar_mp3j_2\"><\/span><\/span><span class=\"T_mp3j\" id=\"T_mp3j_2\" style=\"font-size:18px;\">Merimieslaulu<\/span><span class=\"indi_mp3j\" style=\"font-size:12.6px;\" id=\"statusMI_2\"><\/span><\/span><\/span><\/div><span class=\"s-nosolution\" id=\"mp3j_nosolution_2\" style=\"display:none;\"><\/span><script>\nMP3jPLAYLISTS.inline_2 = [\n\t{ name: \"Merimieslaulu\", formats: [\"mp3\"], mp3: \"aHR0cDovL2hhcmp1bmxhdWx1LmZpL3dwLWNvbnRlbnQvbGV2eWRlbW8vTWVyaW1pZXNsYXVsdS5tcDM=\", counterpart:\"\", artist: \"\", image: \"\", imgurl: \"\" }\n];\n<\/script>\n\n<script>MP3jPLAYERS[2] = { list: MP3jPLAYLISTS.inline_2, tr:0, type:'single', lstate:'', loop:false, play_txt:'&nbsp;&nbsp;&nbsp;&nbsp;&nbsp;', pause_txt:'&nbsp;&nbsp;&nbsp;&nbsp;&nbsp;', pp_title:'', autoplay:false, download:false, vol:100, height:'' };<\/script>\n<h3>Levyn laulut<\/h3>\n<ol>\n<li>Synnyinmaan laulu (On maista kaikista sittenkin)<\/li>\n<li>Nyt kev\u00e4t on (Tuuli hiljaa henk\u00e4ilee)<\/li>\n<li>Oravan pes\u00e4 (Kas kuusen latvassa)<\/li>\n<li>Soittajapaimen (Tein min\u00e4 pillin pajupuusta)<\/li>\n<li>Kanteleeni (Mun kanteleeni kauniimmin)<\/li>\n<li>Oi muistatko viel\u00e4 sen virren<\/li>\n<li>Suojelusenkeli (Maan korvessa kulkevi)<\/li>\n<li>Taivas on sininen ja valkoinen<\/li>\n<li>Merimieslaulu (Nyt tuulet nuo viestin jo toivat)<\/li>\n<li>Saunavihdat (Lapsoset ketter\u00e4t kotihaasta)<\/li>\n<li>Tuonne taakse mets\u00e4maan<\/li>\n<li>Lapsuuden toverille (S\u00e4 kasvoit neito kaunoinen)<\/li>\n<li>Kynttil\u00f6iden syttyess\u00e4 (Kodin kynttil\u00e4t)<\/li>\n<li>Kes\u00e4p\u00e4iv\u00e4 Kangasalla<\/li>\n<li>Kultainen nuoruus<\/li>\n<li>Laulu Suomessa (Arvon mekin ansaitsemme)<\/li>\n<li>Puolalainen nuotiolaulu (Meill on mets\u00e4ss\u00e4 nuotiopiiri)<\/li>\n<li>Lapin \u00e4idin kehtolaulu<\/li>\n<li>Oman kullan silm\u00e4t<\/li>\n<li>Sininen ja valkoinen<\/li>\n<li>Heili Karjalasta (Kauas maailmaan l\u00e4ksin kulkemaan)<\/li>\n<li>Tammerkosken sillalla<\/li>\n<li>Tulipunaruusut (Illoin luokse pienen kapakan)<\/li>\n<li>V\u00e4liaikainen (Elo ihmisen huolineen ja murheineen)<\/li>\n<li>Vanhoja poikia viiksekk\u00e4it\u00e4<\/li>\n<li>Satumaa<\/li>\n<li>Leila<\/li>\n<li>L\u00e4hteell\u00e4 (Sua l\u00e4hde kaunis katselen)<\/li>\n<li>Suomen salossa (Honkain keskell\u00e4 m\u00f6kkini seisoo)<\/li>\n<li>Karjalan kunnailla<\/li>\n<li>Suvivirsi<\/li>\n<li>Lippulaulu<\/li>\n<li>Maamme<\/li>\n<\/ol>\n<\/div>\n<\/div>\n<\/div>\n<\/section>\n","protected":false},"excerpt":{"rendered":"<p>Tarina Harjun Laulun Laulusta Voimaa-levyn alkuajatukset l\u00e4htev\u00e4t niist\u00e4 henkil\u00f6kohtaisista laulukokemuksista, joita olemme saaneet laulun vaikutuksista palvelutaloissa, sairaaloissa, perhejuhlissa jne. My\u00f6s kokemukset laulun vaikutuksesta omalle itselle kuoron harjoituksissa ja sen j\u00e4lkeen ovat olleet merkitt\u00e4vi\u00e4. Laulu virkist\u00e4\u00e4 ja antaa uusia voimia raskaankin &hellip; <a href=\"https:\/\/harjunlaulu.fi\/?page_id=425\">Lue loppuun <span class=\"meta-nav\">&rarr;<\/span><\/a><\/p>\n","protected":false},"author":1,"featured_media":0,"parent":0,"menu_order":49,"comment_status":"closed","ping_status":"closed","template":"","meta":{"footnotes":""},"class_list":["post-425","page","type-page","status-publish","hentry"],"_links":{"self":[{"href":"https:\/\/harjunlaulu.fi\/index.php?rest_route=\/wp\/v2\/pages\/425","targetHints":{"allow":["GET"]}}],"collection":[{"href":"https:\/\/harjunlaulu.fi\/index.php?rest_route=\/wp\/v2\/pages"}],"about":[{"href":"https:\/\/harjunlaulu.fi\/index.php?rest_route=\/wp\/v2\/types\/page"}],"author":[{"embeddable":true,"href":"https:\/\/harjunlaulu.fi\/index.php?rest_route=\/wp\/v2\/users\/1"}],"replies":[{"embeddable":true,"href":"https:\/\/harjunlaulu.fi\/index.php?rest_route=%2Fwp%2Fv2%2Fcomments&post=425"}],"version-history":[{"count":34,"href":"https:\/\/harjunlaulu.fi\/index.php?rest_route=\/wp\/v2\/pages\/425\/revisions"}],"predecessor-version":[{"id":1880,"href":"https:\/\/harjunlaulu.fi\/index.php?rest_route=\/wp\/v2\/pages\/425\/revisions\/1880"}],"wp:attachment":[{"href":"https:\/\/harjunlaulu.fi\/index.php?rest_route=%2Fwp%2Fv2%2Fmedia&parent=425"}],"curies":[{"name":"wp","href":"https:\/\/api.w.org\/{rel}","templated":true}]}}