{"id":1468,"date":"2021-08-15T21:32:40","date_gmt":"2021-08-15T18:32:40","guid":{"rendered":"https:\/\/harjunlaulu.fi\/?page_id=1468"},"modified":"2025-12-28T18:49:37","modified_gmt":"2025-12-28T16:49:37","slug":"tule-kuoroon","status":"publish","type":"page","link":"https:\/\/harjunlaulu.fi\/?page_id=1468","title":{"rendered":"Tule kuoroon"},"content":{"rendered":"\n<p>Tule mukaan kuoroon! Yhdess\u00e4 meill\u00e4 on mukavaa.&nbsp;T\u00e4m\u00e4&nbsp;keskiviikkoiltaisin&nbsp;klo 18 &#8211; 21.<\/p>\n\n\n\n<p>Laulamme&nbsp;kevytt\u00e4 ja klassista&nbsp;kuoromusiikkia&nbsp;eri aikakausilta. Olemme laulanet Kaj Chydeniuksen ja Kim Kuusen kappaleita, Mia Makaroffin ja Juha Holman Harjun Laululle s\u00e4velt\u00e4mi\u00e4 kuoroteoksia ja perinteisemp\u00e4\u00e4 kuoromusiikkia P.J.Hannikaiselta, Erkki Melartinilta ja Otto Kotilaiselta.&nbsp;Harjun Laulu tilaa&nbsp;my\u00f6s&nbsp;s\u00e4\u00e4nn\u00f6llisesti s\u00e4velyksi\u00e4 nykys\u00e4velt\u00e4jilt\u00e4&nbsp;ja viimeksi kantaesitimme Saima Hy\u00f6kin teoksen&nbsp;En kaipaa toiseen aikaan juhlakonsertissamme syksyll\u00e4 2021. Viimeiset kolme vuotta olemme keskittyneet rytmimusiikkiin. Nyt harjoittelemme juhlakonsertin ohjelmistoa.<\/p>\n\n\n\n<p>Suhtaudumme harjoitteluun intohimoisesti ja olemme valmiita kokeilemaan&nbsp;kaikkea&nbsp;uutta kuoromme kehitt\u00e4miseksi. Tavoittelemme terveesti ja kauniisti soivaa kuoroa, joka uskaltaa heitt\u00e4yty\u00e4 erilaisiin&nbsp;haasteisiin.<\/p>\n\n\n\n<p>Kuoromme syd\u00e4men asia on my\u00f6s laulamisen ilon v\u00e4litt\u00e4minen\u00a0eteenp\u00e4in.\u00a0Kuoro on tuottanut kaksi Laulusta voimaa -yhteislaululevy\u00e4 ja niihin kuuluvat sanavihkot.\u00a0Kaksi viimeisint\u00e4 ulkomaanmatkamme\u00a0teimme Kiinaan Shanghaihin vuonna 2016 ja Sveitsiin vuonna 2017. Kev\u00e4\u00e4ll\u00e4 2025 matkustimme yst\u00e4v\u00e4np\u00e4iv\u00e4ksi Kajaaniin Kaukamets\u00e4n kamarikuoron vieraaksi.<\/p>\n\n\n\n<p>Tule tutustumaan ja kuuntelemaan meit\u00e4 harjoituksiin! Harjoituspaikkamme&nbsp;on Jyv\u00e4skyl\u00e4n kristillinen opisto&nbsp;Kuokkalassa, osoite Sulkulantie 28, 40520 Jyv\u00e4skyl\u00e4. Opistolla on&nbsp;iso pys\u00e4k\u00f6intipaikka ja py\u00f6r\u00e4parkki. Opistolle p\u00e4\u00e4see my\u00f6s linja-autolla numero 15 ja 19.<\/p>\n\n\n\n<p>Jos haluat lis\u00e4tietoja, ole yhteydess\u00e4 puheenjohtaja Juha Souruun tai s\u00e4hk\u00f6postilla pj@harjunlaulu.fi.<\/p>\n\n\n\n<p>Tule mukaan!<\/p>\n","protected":false},"excerpt":{"rendered":"<p>Tule mukaan kuoroon! Yhdess\u00e4 meill\u00e4 on mukavaa.&nbsp;T\u00e4m\u00e4&nbsp;keskiviikkoiltaisin&nbsp;klo 18 &#8211; 21. Laulamme&nbsp;kevytt\u00e4 ja klassista&nbsp;kuoromusiikkia&nbsp;eri aikakausilta. Olemme laulanet Kaj Chydeniuksen ja Kim Kuusen kappaleita, Mia Makaroffin ja Juha Holman Harjun Laululle s\u00e4velt\u00e4mi\u00e4 kuoroteoksia ja perinteisemp\u00e4\u00e4 kuoromusiikkia P.J.Hannikaiselta, Erkki Melartinilta ja Otto Kotilaiselta.&nbsp;Harjun &hellip; <a href=\"https:\/\/harjunlaulu.fi\/?page_id=1468\">Lue loppuun <span class=\"meta-nav\">&rarr;<\/span><\/a><\/p>\n","protected":false},"author":1,"featured_media":0,"parent":0,"menu_order":0,"comment_status":"closed","ping_status":"closed","template":"","meta":{"footnotes":""},"class_list":["post-1468","page","type-page","status-publish","hentry"],"_links":{"self":[{"href":"https:\/\/harjunlaulu.fi\/index.php?rest_route=\/wp\/v2\/pages\/1468","targetHints":{"allow":["GET"]}}],"collection":[{"href":"https:\/\/harjunlaulu.fi\/index.php?rest_route=\/wp\/v2\/pages"}],"about":[{"href":"https:\/\/harjunlaulu.fi\/index.php?rest_route=\/wp\/v2\/types\/page"}],"author":[{"embeddable":true,"href":"https:\/\/harjunlaulu.fi\/index.php?rest_route=\/wp\/v2\/users\/1"}],"replies":[{"embeddable":true,"href":"https:\/\/harjunlaulu.fi\/index.php?rest_route=%2Fwp%2Fv2%2Fcomments&post=1468"}],"version-history":[{"count":12,"href":"https:\/\/harjunlaulu.fi\/index.php?rest_route=\/wp\/v2\/pages\/1468\/revisions"}],"predecessor-version":[{"id":2072,"href":"https:\/\/harjunlaulu.fi\/index.php?rest_route=\/wp\/v2\/pages\/1468\/revisions\/2072"}],"wp:attachment":[{"href":"https:\/\/harjunlaulu.fi\/index.php?rest_route=%2Fwp%2Fv2%2Fmedia&parent=1468"}],"curies":[{"name":"wp","href":"https:\/\/api.w.org\/{rel}","templated":true}]}}